{"id":409,"date":"2026-02-28T11:44:54","date_gmt":"2026-02-28T14:44:54","guid":{"rendered":"https:\/\/sportsbol.com.br\/?page_id=409"},"modified":"2026-03-26T14:31:26","modified_gmt":"2026-03-26T17:31:26","slug":"social","status":"publish","type":"page","link":"https:\/\/sportsbol.com.br\/?page_id=409","title":{"rendered":"Social"},"content":{"rendered":"\t\t<div data-elementor-type=\"wp-page\" data-elementor-id=\"409\" class=\"elementor elementor-409\" data-elementor-post-type=\"page\">\n\t\t\t\t<div class=\"elementor-element elementor-element-f0135d1 e-flex e-con-boxed e-con e-parent\" data-id=\"f0135d1\" data-element_type=\"container\" data-e-type=\"container\">\n\t\t\t\t\t<div class=\"e-con-inner\">\n\t\t<div class=\"elementor-element elementor-element-220f372 e-con-full e-flex e-con e-child\" data-id=\"220f372\" data-element_type=\"container\" data-e-type=\"container\">\n\t\t\t\t<div class=\"elementor-element elementor-element-48d52ce elementor-widget elementor-widget-image\" data-id=\"48d52ce\" data-element_type=\"widget\" data-e-type=\"widget\" data-widget_type=\"image.default\">\n\t\t\t\t\t\t\t\t\t\t\t\t\t\t\t<img fetchpriority=\"high\" decoding=\"async\" width=\"300\" height=\"300\" src=\"https:\/\/sportsbol.com.br\/wp-content\/uploads\/2026\/02\/Social_logo-300x300.gif\" class=\"attachment-medium size-medium wp-image-411\" alt=\"\" srcset=\"https:\/\/sportsbol.com.br\/wp-content\/uploads\/2026\/02\/Social_logo-300x300.gif 300w, https:\/\/sportsbol.com.br\/wp-content\/uploads\/2026\/02\/Social_logo-150x150.gif 150w\" sizes=\"(max-width: 300px) 100vw, 300px\" \/>\t\t\t\t\t\t\t\t\t\t\t\t\t\t\t<\/div>\n\t\t\t\t<\/div>\n\t\t<div class=\"elementor-element elementor-element-6f3c547 e-con-full e-flex e-con e-child\" data-id=\"6f3c547\" data-element_type=\"container\" data-e-type=\"container\">\n\t\t<div class=\"elementor-element elementor-element-4ce4e80 e-con-full e-flex e-con e-child\" data-id=\"4ce4e80\" data-element_type=\"container\" data-e-type=\"container\">\n\t\t\t\t<div class=\"elementor-element elementor-element-c72288f elementor-widget elementor-widget-heading\" data-id=\"c72288f\" data-element_type=\"widget\" data-e-type=\"widget\" data-widget_type=\"heading.default\">\n\t\t\t\t\t<h2 class=\"elementor-heading-title elementor-size-default\">Social<\/h2>\t\t\t\t<\/div>\n\t\t\t\t<\/div>\n\t\t<div class=\"elementor-element elementor-element-05fba6b e-con-full e-flex e-con e-child\" data-id=\"05fba6b\" data-element_type=\"container\" data-e-type=\"container\">\n\t\t\t\t<div class=\"elementor-element elementor-element-eea7e02 elementor-widget elementor-widget-heading\" data-id=\"eea7e02\" data-element_type=\"widget\" data-e-type=\"widget\" data-widget_type=\"heading.default\">\n\t\t\t\t\t<h6 class=\"elementor-heading-title elementor-size-default\">Social Futebol Clube<br><br>Coronel Fabriciano, Minas Gerais, Brasil<br><br>Funda\u00e7\u00e3o: 01\/10\/1944<br><br>Mando de Campo: Louis Ensch<br><br><p data-start=\"0\" data-end=\"241\">O <strong data-start=\"2\" data-end=\"43\">Social Futebol Clube<\/strong>, conhecido como <strong data-start=\"60\" data-end=\"73\">Social FC<\/strong>, \u00e9 um tradicional clube de futebol brasileiro sediado na cidade de <strong data-start=\"141\" data-end=\"182\">Coronel Fabriciano<\/strong>, no estado de <strong data-start=\"197\" data-end=\"238\">Minas Gerais<\/strong>.<\/p>\n<p data-start=\"243\" data-end=\"383\">Fundado em 1\u00ba de maio de 1944, o clube \u00e9 uma das equipes mais importantes do Vale do A\u00e7o. Suas cores tradicionais s\u00e3o o preto e branco.<\/p>\n<p data-start=\"385\" data-end=\"564\">O Social manda seus jogos no Est\u00e1dio Louis Ensch, conhecido como Louis\u00e3o. Ao longo de sua hist\u00f3ria, participou diversas vezes do Campeonato Mineiro, inclusive na elite estadual.<\/p>\n<p data-start=\"566\" data-end=\"706\">O clube j\u00e1 conquistou t\u00edtulos do interior e teve momentos de destaque no cen\u00e1rio mineiro. A torcida \u00e9 fiel e acompanha o time com orgulho.<\/p>\n<span style=\"font-style: inherit;font-weight: inherit;letter-spacing: 0.01em\">Assim, o Social Futebol Clube mant\u00e9m sua tradi\u00e7\u00e3o e import\u00e2ncia no futebol de Minas Gerais, representando Coronel Fabriciano com hist\u00f3ria e paix\u00e3o.<\/span><\/h6>\t\t\t\t<\/div>\n\t\t\t\t<\/div>\n\t\t\t\t<\/div>\n\t\t\t\t\t<\/div>\n\t\t\t\t<\/div>\n\t\t<div class=\"elementor-element elementor-element-4020103 e-flex e-con-boxed e-con e-parent\" data-id=\"4020103\" data-element_type=\"container\" data-e-type=\"container\">\n\t\t\t\t\t<div class=\"e-con-inner\">\n\t\t\t\t<div class=\"elementor-element elementor-element-44d95ee elementor-widget__width-initial elementor-widget elementor-widget-image\" data-id=\"44d95ee\" data-element_type=\"widget\" data-e-type=\"widget\" data-widget_type=\"image.default\">\n\t\t\t\t\t\t\t\t\t\t\t\t\t\t\t<img decoding=\"async\" width=\"500\" height=\"350\" src=\"https:\/\/sportsbol.com.br\/wp-content\/uploads\/2026\/03\/Flag_of_Brazil.svg_.webp\" class=\"attachment-full size-full wp-image-1799\" alt=\"\" srcset=\"https:\/\/sportsbol.com.br\/wp-content\/uploads\/2026\/03\/Flag_of_Brazil.svg_.webp 500w, https:\/\/sportsbol.com.br\/wp-content\/uploads\/2026\/03\/Flag_of_Brazil.svg_-300x210.webp 300w\" sizes=\"(max-width: 500px) 100vw, 500px\" \/>\t\t\t\t\t\t\t\t\t\t\t\t\t\t\t<\/div>\n\t\t\t\t\t<\/div>\n\t\t\t\t<\/div>\n\t\t\t\t<\/div>\n\t\t","protected":false},"excerpt":{"rendered":"<p>Social Social Futebol Clube Coronel Fabriciano, Minas Gerais, Brasil Funda\u00e7\u00e3o: 01\/10\/1944 Mando de Campo: Louis Ensch O Social Futebol Clube, conhecido como Social FC, \u00e9 um tradicional clube de futebol brasileiro sediado na cidade de Coronel Fabriciano, no estado de Minas Gerais. Fundado em 1\u00ba de maio de 1944, o clube \u00e9 uma das equipes [&hellip;]<\/p>\n","protected":false},"author":1,"featured_media":0,"parent":0,"menu_order":0,"comment_status":"closed","ping_status":"closed","template":"","meta":{"zakra_page_container_layout":"customizer","zakra_page_sidebar_layout":"customizer","zakra_remove_content_margin":false,"zakra_sidebar":"customizer","zakra_transparent_header":"customizer","zakra_logo":0,"zakra_main_header_style":"default","zakra_menu_item_color":"","zakra_menu_item_hover_color":"","zakra_menu_item_active_color":"","zakra_menu_active_style":"","zakra_page_header":true,"footnotes":""},"class_list":["post-409","page","type-page","status-publish","hentry"],"_links":{"self":[{"href":"https:\/\/sportsbol.com.br\/index.php?rest_route=\/wp\/v2\/pages\/409","targetHints":{"allow":["GET"]}}],"collection":[{"href":"https:\/\/sportsbol.com.br\/index.php?rest_route=\/wp\/v2\/pages"}],"about":[{"href":"https:\/\/sportsbol.com.br\/index.php?rest_route=\/wp\/v2\/types\/page"}],"author":[{"embeddable":true,"href":"https:\/\/sportsbol.com.br\/index.php?rest_route=\/wp\/v2\/users\/1"}],"replies":[{"embeddable":true,"href":"https:\/\/sportsbol.com.br\/index.php?rest_route=%2Fwp%2Fv2%2Fcomments&post=409"}],"version-history":[{"count":13,"href":"https:\/\/sportsbol.com.br\/index.php?rest_route=\/wp\/v2\/pages\/409\/revisions"}],"predecessor-version":[{"id":2250,"href":"https:\/\/sportsbol.com.br\/index.php?rest_route=\/wp\/v2\/pages\/409\/revisions\/2250"}],"wp:attachment":[{"href":"https:\/\/sportsbol.com.br\/index.php?rest_route=%2Fwp%2Fv2%2Fmedia&parent=409"}],"curies":[{"name":"wp","href":"https:\/\/api.w.org\/{rel}","templated":true}]}}