{"id":278,"date":"2026-02-27T14:02:51","date_gmt":"2026-02-27T17:02:51","guid":{"rendered":"https:\/\/sportsbol.com.br\/?page_id=278"},"modified":"2026-03-26T14:35:08","modified_gmt":"2026-03-26T17:35:08","slug":"tombense","status":"publish","type":"page","link":"https:\/\/sportsbol.com.br\/?page_id=278","title":{"rendered":"Tombense"},"content":{"rendered":"\t\t<div data-elementor-type=\"wp-page\" data-elementor-id=\"278\" class=\"elementor elementor-278\" data-elementor-post-type=\"page\">\n\t\t\t\t<div class=\"elementor-element elementor-element-9eacb68 e-flex e-con-boxed e-con e-parent\" data-id=\"9eacb68\" data-element_type=\"container\" data-e-type=\"container\">\n\t\t\t\t\t<div class=\"e-con-inner\">\n\t\t<div class=\"elementor-element elementor-element-70d0485 e-con-full e-flex e-con e-child\" data-id=\"70d0485\" data-element_type=\"container\" data-e-type=\"container\">\n\t\t\t\t<div class=\"elementor-element elementor-element-880b1ca elementor-widget elementor-widget-image\" data-id=\"880b1ca\" data-element_type=\"widget\" data-e-type=\"widget\" data-widget_type=\"image.default\">\n\t\t\t\t\t\t\t\t\t\t\t\t\t\t\t<img fetchpriority=\"high\" decoding=\"async\" width=\"250\" height=\"250\" src=\"https:\/\/sportsbol.com.br\/wp-content\/uploads\/2026\/02\/TombenseFC.png\" class=\"attachment-medium size-medium wp-image-280\" alt=\"\" srcset=\"https:\/\/sportsbol.com.br\/wp-content\/uploads\/2026\/02\/TombenseFC.png 250w, https:\/\/sportsbol.com.br\/wp-content\/uploads\/2026\/02\/TombenseFC-150x150.png 150w\" sizes=\"(max-width: 250px) 100vw, 250px\" \/>\t\t\t\t\t\t\t\t\t\t\t\t\t\t\t<\/div>\n\t\t\t\t<\/div>\n\t\t<div class=\"elementor-element elementor-element-eda96bc e-con-full e-flex e-con e-child\" data-id=\"eda96bc\" data-element_type=\"container\" data-e-type=\"container\">\n\t\t<div class=\"elementor-element elementor-element-c1dd498 e-con-full e-flex e-con e-child\" data-id=\"c1dd498\" data-element_type=\"container\" data-e-type=\"container\">\n\t\t\t\t<div class=\"elementor-element elementor-element-27d7e95 elementor-widget elementor-widget-heading\" data-id=\"27d7e95\" data-element_type=\"widget\" data-e-type=\"widget\" data-widget_type=\"heading.default\">\n\t\t\t\t\t<h2 class=\"elementor-heading-title elementor-size-default\">Tombense<\/h2>\t\t\t\t<\/div>\n\t\t\t\t<\/div>\n\t\t<div class=\"elementor-element elementor-element-604effe e-con-full e-flex e-con e-child\" data-id=\"604effe\" data-element_type=\"container\" data-e-type=\"container\">\n\t\t\t\t<div class=\"elementor-element elementor-element-aa0d215 elementor-widget elementor-widget-heading\" data-id=\"aa0d215\" data-element_type=\"widget\" data-e-type=\"widget\" data-widget_type=\"heading.default\">\n\t\t\t\t\t<h6 class=\"elementor-heading-title elementor-size-default\">Tombense Futebol Clube<br><br>Tombos, Minas Gerais, Brasil<br><br>Funda\u00e7\u00e3o: 07\/09\/1914<br><br>Mando de Campo: Almeid\u00e3o<br><br>Campeonatos: Campeonato Mineiro, Trof\u00e9u Inconfid\u00eancia, S\u00e9rie D, Copa do Brasil<br><br><div class=\"flex flex-col text-sm pb-25\"><article class=\"text-token-text-primary w-full focus:outline-none [--shadow-height:45px] has-data-writing-block:pointer-events-none has-data-writing-block:-mt-(--shadow-height) has-data-writing-block:pt-(--shadow-height) [&amp;:has([data-writing-block])&gt;*]:pointer-events-auto scroll-mt-[calc(var(--header-height)+min(200px,max(70px,20svh)))]\" dir=\"auto\" data-turn-id=\"request-WEB:99825da2-7db6-4ed8-ba00-de90c2c7e76f-4\" data-testid=\"conversation-turn-10\" data-scroll-anchor=\"true\" data-turn=\"assistant\"><div class=\"text-base my-auto mx-auto pb-10 [--thread-content-margin:--spacing(4)] @w-sm\/main:[--thread-content-margin:--spacing(6)] @w-lg\/main:[--thread-content-margin:--spacing(16)] px-(--thread-content-margin)\"><div class=\"[--thread-content-max-width:40rem] @w-lg\/main:[--thread-content-max-width:48rem] mx-auto max-w-(--thread-content-max-width) flex-1 group\/turn-messages focus-visible:outline-hidden relative flex w-full min-w-0 flex-col agent-turn\"><div class=\"flex max-w-full flex-col grow\"><div data-message-author-role=\"assistant\" data-message-id=\"2492fa76-4652-4dd5-89a5-df75192baa24\" dir=\"auto\" data-message-model-slug=\"gpt-5-2\" class=\"min-h-8 text-message relative flex w-full flex-col items-end gap-2 text-start break-words whitespace-normal [.text-message+&amp;]:mt-1\"><div class=\"flex w-full flex-col gap-1 empty:hidden first:pt-[1px]\"><div class=\"markdown prose dark:prose-invert w-full wrap-break-word light markdown-new-styling\"><p data-start=\"0\" data-end=\"1289\" data-is-last-node=\"\" data-is-only-node=\"\">O <strong data-start=\"2\" data-end=\"43\">Tombense Futebol Clube<\/strong> \u00e9 um clube brasileiro sediado na cidade de <strong data-start=\"87\" data-end=\"128\">Tombos<\/strong>, no interior de <strong data-start=\"145\" data-end=\"186\">Minas Gerais<\/strong>.<br data-start=\"187\" data-end=\"190\">\nFundado em 7 de setembro de 1914, \u00e9 uma das equipes mais tradicionais da Zona da Mata mineira.<br data-start=\"284\" data-end=\"287\">\nO clube manda seus jogos no Est\u00e1dio Ant\u00f4nio Guimar\u00e3es de Almeida, conhecido como Almeid\u00e3o.<br data-start=\"377\" data-end=\"380\">\nSuas cores oficiais s\u00e3o o vermelho e o branco.<br data-start=\"426\" data-end=\"429\">\nAo longo dos anos, o Tombense se consolidou como for\u00e7a emergente no futebol mineiro.<br data-start=\"513\" data-end=\"516\">\nA equipe ganhou destaque estadual ao alcan\u00e7ar boas campanhas no Campeonato Mineiro.<br data-start=\"599\" data-end=\"602\">\nEm 2020, conquistou o t\u00edtulo do Trof\u00e9u Inconfid\u00eancia.<br data-start=\"655\" data-end=\"658\">\nO clube tamb\u00e9m obteve proje\u00e7\u00e3o nacional com participa\u00e7\u00f5es frequentes no Campeonato Brasileiro.<br data-start=\"752\" data-end=\"755\">\nEm 2022, alcan\u00e7ou o acesso in\u00e9dito \u00e0 S\u00e9rie B do Campeonato Brasileiro.<br data-start=\"825\" data-end=\"828\">\nA gest\u00e3o profissional \u00e9 um dos pilares do crescimento do Tombense.<br data-start=\"894\" data-end=\"897\">\nO clube \u00e9 reconhecido pela organiza\u00e7\u00e3o administrativa e planejamento a longo prazo.<br data-start=\"980\" data-end=\"983\">\nMesmo representando uma cidade pequena, possui estrutura competitiva.<br data-start=\"1052\" data-end=\"1055\">\nA torcida \u00e9 fiel e acompanha o time com grande orgulho.<br data-start=\"1110\" data-end=\"1113\">\nO Tombense valoriza a forma\u00e7\u00e3o de atletas e a sustentabilidade financeira.<br data-start=\"1187\" data-end=\"1190\">\nAssim, o clube segue consolidando seu nome entre as principais equipes do interior de Minas Gerais.<\/p><\/div><\/div><\/div><\/div><div class=\"z-0 flex min-h-[46px] justify-start\"><\/div><\/div><\/div><\/article><\/div><div aria-hidden=\"true\" data-edge=\"true\" class=\"pointer-events-none h-px w-px absolute bottom-0\"><\/div><\/h6>\t\t\t\t<\/div>\n\t\t\t\t<\/div>\n\t\t\t\t<\/div>\n\t\t\t\t\t<\/div>\n\t\t\t\t<\/div>\n\t\t<div class=\"elementor-element elementor-element-783ad65 e-flex e-con-boxed e-con e-parent\" data-id=\"783ad65\" data-element_type=\"container\" data-e-type=\"container\">\n\t\t\t\t\t<div class=\"e-con-inner\">\n\t\t\t\t<div class=\"elementor-element elementor-element-585d9f0 elementor-widget__width-initial elementor-widget elementor-widget-image\" data-id=\"585d9f0\" data-element_type=\"widget\" data-e-type=\"widget\" data-widget_type=\"image.default\">\n\t\t\t\t\t\t\t\t\t\t\t\t\t\t\t<img decoding=\"async\" width=\"500\" height=\"350\" src=\"https:\/\/sportsbol.com.br\/wp-content\/uploads\/2026\/03\/Flag_of_Brazil.svg_.webp\" class=\"attachment-full size-full wp-image-1799\" alt=\"\" srcset=\"https:\/\/sportsbol.com.br\/wp-content\/uploads\/2026\/03\/Flag_of_Brazil.svg_.webp 500w, https:\/\/sportsbol.com.br\/wp-content\/uploads\/2026\/03\/Flag_of_Brazil.svg_-300x210.webp 300w\" sizes=\"(max-width: 500px) 100vw, 500px\" \/>\t\t\t\t\t\t\t\t\t\t\t\t\t\t\t<\/div>\n\t\t\t\t\t<\/div>\n\t\t\t\t<\/div>\n\t\t\t\t<\/div>\n\t\t","protected":false},"excerpt":{"rendered":"<p>Tombense Tombense Futebol Clube Tombos, Minas Gerais, Brasil Funda\u00e7\u00e3o: 07\/09\/1914 Mando de Campo: Almeid\u00e3o Campeonatos: Campeonato Mineiro, Trof\u00e9u Inconfid\u00eancia, S\u00e9rie D, Copa do Brasil O Tombense Futebol Clube \u00e9 um clube brasileiro sediado na cidade de Tombos, no interior de Minas Gerais. Fundado em 7 de setembro de 1914, \u00e9 uma das equipes mais tradicionais [&hellip;]<\/p>\n","protected":false},"author":1,"featured_media":0,"parent":0,"menu_order":0,"comment_status":"closed","ping_status":"closed","template":"","meta":{"zakra_page_container_layout":"customizer","zakra_page_sidebar_layout":"customizer","zakra_remove_content_margin":false,"zakra_sidebar":"customizer","zakra_transparent_header":"customizer","zakra_logo":0,"zakra_main_header_style":"default","zakra_menu_item_color":"","zakra_menu_item_hover_color":"","zakra_menu_item_active_color":"","zakra_menu_active_style":"","zakra_page_header":true,"footnotes":""},"class_list":["post-278","page","type-page","status-publish","hentry"],"_links":{"self":[{"href":"https:\/\/sportsbol.com.br\/index.php?rest_route=\/wp\/v2\/pages\/278","targetHints":{"allow":["GET"]}}],"collection":[{"href":"https:\/\/sportsbol.com.br\/index.php?rest_route=\/wp\/v2\/pages"}],"about":[{"href":"https:\/\/sportsbol.com.br\/index.php?rest_route=\/wp\/v2\/types\/page"}],"author":[{"embeddable":true,"href":"https:\/\/sportsbol.com.br\/index.php?rest_route=\/wp\/v2\/users\/1"}],"replies":[{"embeddable":true,"href":"https:\/\/sportsbol.com.br\/index.php?rest_route=%2Fwp%2Fv2%2Fcomments&post=278"}],"version-history":[{"count":10,"href":"https:\/\/sportsbol.com.br\/index.php?rest_route=\/wp\/v2\/pages\/278\/revisions"}],"predecessor-version":[{"id":2263,"href":"https:\/\/sportsbol.com.br\/index.php?rest_route=\/wp\/v2\/pages\/278\/revisions\/2263"}],"wp:attachment":[{"href":"https:\/\/sportsbol.com.br\/index.php?rest_route=%2Fwp%2Fv2%2Fmedia&parent=278"}],"curies":[{"name":"wp","href":"https:\/\/api.w.org\/{rel}","templated":true}]}}