{"id":2,"date":"2026-02-23T14:23:47","date_gmt":"2026-02-23T17:23:47","guid":{"rendered":"http:\/\/sportsbol.com.br\/?page_id=2"},"modified":"2026-03-22T16:36:56","modified_gmt":"2026-03-22T19:36:56","slug":"pagina-exemplo","status":"publish","type":"page","link":"https:\/\/sportsbol.com.br\/","title":{"rendered":"Ol\u00e1 amante de futebol!"},"content":{"rendered":"\n<p>Esse site que voc\u00ea est\u00e1 acessando tem a finalidade de obter todos os escudos de futebol.<\/p>\n\n\n\n<p>CURIOSIDADES: <\/p>\n\n\n\n<p><em>A primeira copa do mundo foi realizada em 1930 no Uruguai, mesmo pa\u00eds que tamb\u00e9m se sagrou campe\u00e3o nesta edi\u00e7\u00e3o<\/em>.<\/p>\n\n\n\n<p><em>O uniforme &#8220;canarinho&#8221; do Brasil foi adotado somente ap\u00f3s o trauma de 1950, para trazer uma imagem mais vibrante, sendo o azul inspirado no manto de Nossa Senhora Aparecida.<\/em><\/p>\n\n\n\n<p><em>Os cart\u00f5es amarelos e vermelhos s\u00f3 foram introduzidos na copa do mundo de<\/em> 1970.<\/p>\n\n\n\n<p><em>As primeiras bolas de futebol eram feitas de bexiga de boi.<\/em><\/p>\n\n\n\n<p><em>Uma das maiores goleadas j\u00e1 ocorridas um 36 a 0 do Arbroath sobre o Bon Accord em 1885, na  Esc\u00f3cia.<\/em><\/p>\n\n\n\n<p><em>Em 2026 ocorreu uma partida pela final do campeonato mineiro entre Atl\u00e9tico Mineiro e Cruzeiro que foi a segunda partida do mundo com mais expulsos, no total foram 23, s\u00f3 perdendo para uma partida entre Claypole e Victoriano Arenas, <\/em>pela quinta divis\u00e3o argentina em 2011.<\/p>\n\n\n\n<p>Pe<em>l\u00e9 marcou mais de 1000 gols e foi campe\u00e3o mundial com apenas 17 anos na Copa do Mundo de 1958, na Su\u00e9cia.<\/em><\/p>\n\n\n\n<p><em>A numera\u00e7\u00e3o nas camisas s\u00f3 surgiu em 1933, numa partida entre Everton e Manchester City, para ajudar os locutores de r\u00e1dio a identificar os jogadores.<\/em><\/p>\n\n\n\n<p><em>Embora o futebol moderno tenha surgido na Inglaterra, relatos chineses de 3000 a.C. j\u00e1 mostravam pr\u00e1ticas similares.<\/em><\/p>\n\n\n\n<p><em>O Atl\u00e9tico Mineiro foi um dos pioneiros na a\u00e7\u00e3o de crian\u00e7as entrarem em campo com os jogadores, em 1976, num cl\u00e1ssico no Mineir\u00e3o<\/em><\/p>\n\n\n\n<p><em>Em 2016, o Atl\u00e9tico Nacional entregou o t\u00edtulo da Conmebol Sudamericana para a Chapecoense ap\u00f3s o tr\u00e1gico acidente e avi\u00e3o com toda a delega\u00e7\u00e3o, no total foram 71 mortes e 6 sobreviventes: Jackson Follman, Neto, Alan Ruschel, Rafael Henzel, Erwin Tumuri e Xemena Suarez<\/em><\/p>\n\n\n\n<p><\/p>\n","protected":false},"excerpt":{"rendered":"<p>Esse site que voc\u00ea est\u00e1 acessando tem a finalidade de obter todos os escudos de futebol. CURIOSIDADES: A primeira copa do mundo foi realizada em 1930 no Uruguai, mesmo pa\u00eds que tamb\u00e9m se sagrou campe\u00e3o nesta edi\u00e7\u00e3o. O uniforme &#8220;canarinho&#8221; do Brasil foi adotado somente ap\u00f3s o trauma de 1950, para trazer uma imagem mais [&hellip;]<\/p>\n","protected":false},"author":1,"featured_media":0,"parent":0,"menu_order":0,"comment_status":"closed","ping_status":"closed","template":"","meta":{"zakra_page_container_layout":"customizer","zakra_page_sidebar_layout":"customizer","zakra_remove_content_margin":false,"zakra_sidebar":"customizer","zakra_transparent_header":"customizer","zakra_logo":0,"zakra_main_header_style":"default","zakra_menu_item_color":"","zakra_menu_item_hover_color":"","zakra_menu_item_active_color":"","zakra_menu_active_style":"","zakra_page_header":true,"footnotes":""},"class_list":["post-2","page","type-page","status-publish","hentry"],"_links":{"self":[{"href":"https:\/\/sportsbol.com.br\/index.php?rest_route=\/wp\/v2\/pages\/2","targetHints":{"allow":["GET"]}}],"collection":[{"href":"https:\/\/sportsbol.com.br\/index.php?rest_route=\/wp\/v2\/pages"}],"about":[{"href":"https:\/\/sportsbol.com.br\/index.php?rest_route=\/wp\/v2\/types\/page"}],"author":[{"embeddable":true,"href":"https:\/\/sportsbol.com.br\/index.php?rest_route=\/wp\/v2\/users\/1"}],"replies":[{"embeddable":true,"href":"https:\/\/sportsbol.com.br\/index.php?rest_route=%2Fwp%2Fv2%2Fcomments&post=2"}],"version-history":[{"count":7,"href":"https:\/\/sportsbol.com.br\/index.php?rest_route=\/wp\/v2\/pages\/2\/revisions"}],"predecessor-version":[{"id":2051,"href":"https:\/\/sportsbol.com.br\/index.php?rest_route=\/wp\/v2\/pages\/2\/revisions\/2051"}],"wp:attachment":[{"href":"https:\/\/sportsbol.com.br\/index.php?rest_route=%2Fwp%2Fv2%2Fmedia&parent=2"}],"curies":[{"name":"wp","href":"https:\/\/api.w.org\/{rel}","templated":true}]}}